t(-4).
69
Let p(l) = l**3 - 47*l**2 + 40*l + 105. Calculate p(46).
-171
Let m(f) = -15*f**2 + 209*f + 24. Give m(14).
10
Let h(n) = -2726*n - 24532. Give h(-9).
2
Let i(n) = n**3 - 278*n**2 - 10946*n + 315. Calculate i(-35).
0
Let a(d) = -7*d**3 - 53*d**2 + 28*d + 31. What is a(-8)?
-1
Let r(o) = 26*o - 21. Calculate r(0).
-21
Let z(w) = -33484*w - 401810. Calculate z(-12).
-2
Let k(d) = -124*d**2 - 12*d + 6. Give k(-2).
-466
Let j(o) = 147*o - 10548. Give j(72).
36
Let z(s) = 2*s**2 + 166*s + 1198. Determine z(-75).
-2
Let r(l) = 43*l - 383. Calculate r(12).
133
Let h(x) = -99*x - 984. What is h(-10)?
6
Let t(n) = n**2 + 31*n + 202. Determine t(-9).
4
Let i(b) = 749*b - 71935. Give i(96).
-31
Let x(a) = -a**2 + 2*a + 21. What is x(4)?
13
Let p(w) = w**3 - 25*w**2 - 106*w + 1408. Give p(27).
4
Let c(l) = -103*l + 164. Determine c(3).
-145
Let y(z) = z**3 + 7*z**2 - 39*z + 34. Determine y(-11).
-21
Let m(f) = -f**3 - 4*f**2 - 49*f + 73. What is m(0)?
73
Let u(a) = -2*a - 104. Calculate u(-55).
6
Let a(q) = 6*q**2 - 15*q - 37. Calculate a(-2).
17
Let w(x) = 3*x**3 - 4*x**2 - 37*x + 230. Calculate w(5).
320
Let y(c) = c**2 + 12*c - 1603. Give y(-46).
-39
Let j(x) = -10*x**2 - 662*x - 63. What is j(-66)?
69
Let n(k) = -945*k + 6644. Calculate n(7).
29
Let r(t) = -4*t**2 + 38*t + 56. What is r(11)?
-10
Let k(r) = -r**3 + r**2 - 12*r + 10. What is k(4)?
-86
Let m(q) = 4*q - 96. Calculate m(22).
-8
Let r(l) = 16*l + 326. Determine r(-21).
-10
Let f(s) = -s**2 - 13*s - 10. What is f(-7)?
32
Let k(w) = -w**3 - 77*w**2 - 73*w + 231. Calculate k(-76).
3
Let m(k) = 69*k + 28. Calculate m(-1).
-41
Let j(l) = -l**3 - 12*l**2 + 34*l + 58. Give j(-14).
-26
Let u(l) = -21*l + 350. Calculate u(15).
35
Let v(d) = -3*d**2 - 18*d + 21. Give v(1).
0
Let c(y) = -609*y - 4258. Give c(-7).
5
Let u(h) = 59*h - 5839. Determine u(99).
2
Let m(l) = l**2 + 863*l - 10492. What is m(12)?
8
Let b(k) = -157*k**2 - 67*k - 4. Determine b(-1).
-94
Let g(z) = -1312*z - 27563. Calculate g(-21).
-11
Let g(v) = 65*v - 122. What is g(-6)?
-512
Let w(h) = h**3 - 23*h**2 + 160*h + 24. Determine w(7).
360
Let s(o) = -16*o - 718. Give s(-46).
18
Let y(b) = 6*b + 104. Calculate y(-38).
-124
Let k(m) = 22*m - 502. Determine k(24).
26
Let v(p) = p**3 + 45*p**2 + 74*p + 1376. Determine v(-44).
56
Let s(w) = -1222*w + 19558. What is s(16)?
6
Let m(i) = 338*i - 2356. What is m(7)?
10
Let z(t) = -191*t - 3657. Calculate z(-19).
-28
Let m(c) = c**2 + 75*c - 675. Give m(8).
-11
Let j(t) = -45*t**2 - 1394*t + 15. What is j(-31)?
-16
Let h(n) = 9*n**3 - 2*n**2 + 2*n + 7. Calculate h(-2).
-77
Let r(j) = 292*j**2 - j. What is r(-1)?
293
Let f(o) = -o**3 + 78*o**2 + 163*o - 274. What is f(80)?
-34
Let m(s) = -s**3 + 36*s**2 - 293*s - 142. Calculate m(23).
-4
Let j(m) = m**2 - 50*m + 141. Give j(47).
0
Let c(f) = -f**3 - 18*f**2 + 40*f + 11. Give c(-20).
11
Let s(t) = -t**3 - 14*t**2 + 129*t + 1553. Determine s(-16).
1
Let r(m) = -78*m - 370. What is r(-6)?
98
Let v(g) = -8*g**3 + 5*g**2 - 3. Calculate v(-2).
81
Let r(w) = -w**3 - 27*w**2 - 49*w + 34. What is r(-25)?
9
Let m(h) = 4*h**3 + 52*h**2 + 108*h + 17. What is m(-2)?
-23
Let d(c) = -c**3 + 34*c**2 - 79*c - 148. Calculate d(31).
286
Let c(z) = -53*z**2 - 3180*z + 2. Give c(-60).
2
Let h(w) = 2*w**3 + 47*w**2 + 147*w + 144. Calculate h(-20).
4
Let l(j) = -j**3 - 33*j**2 - j - 59. Give l(-33).
-26
Let a(z) = 103*z - 4. What is a(0)?
-4
Let w(a) = -2*a**2 - 29*a + 12. Give w(-16).
-36
Let z(j) = j**2 - 37*j - 989. Determine z(63).
649
Let x(c) = 22*c**2 + 731*c + 164. Determine x(-33).
-1
Let c(u) = -2*u**2 - 58*u + 425. Give c(-35).
5
Let f(o) = 425*o**2 + 5530*o + 10. Calculate f(-13).
-55
Let g(w) = 29714*w + 118862. Calculate g(-4).
6
Let v(t) = -t**2 + 52*t + 130. What is v(55)?
-35
Let l(z) = -54*z - 345. Determine l(-6).
-21
Let i(p) = 69*p + 710. Calculate i(-10).
20
Let i(u) = -2*u**2 - 5*u + 64. Give i(0).
64
Let d(h) = -h**3 - 27*h**2 - 54*h - 65. Determine d(-25).
35
Let p(q) = -164*q**2 + 978*q + 45. Give p(6).
9
Let d(z) = -3*z**2 + 20*z + 304. Determine d(-7).
17
Let v(q) = q**3 + 175*q**2 - 332*q + 3892. Calculate v(-177).
-2
Let x(m) = 10*m - 1425. Give x(142).
-5
Let g(q) = 14*q**3 + 53*q**2 - 53*q + 1. Give g(1).
15
Let p(w) = -w**2 + 130*w + 394. Determine p(-3).
-5
Let n(d) = 5*d**2 + 889*d + 17664. Give n(-155).
-6
Let r(o) = -2*o**3 - 53*o**2 - 106*o + 1. Give r(-2).
17
Let z(c) = -c**2 - 9*c - 69. Calculate z(0).
-69
Let q(b) = -b**2 - 12*b - 56. Calculate q(-6).
-20
Let z(q) = 4750*q + 38004. Determine z(-8).
4
Let d(v) = -2467*v + 17277. Determine d(7).
8
Let d(c) = c**2 + 86*c + 249. Calculate d(-83).
0
Let x(k) = k**3 + 77*k**2 + 288*k - 270. Give x(-73).
22
Let x(s) = -11*s**3 - 7*s**2 - 34*s + 86. Give x(2).
-98
Let w(b) = 93*b - 22. What is w(-2)?
-208
Let b(j) = 47*j - 715. Determine b(15).
-10
Let w(x) = -34*x - 275. Determine w(-6).
-71
Let t(h) = -12*h**2 + 21*h. Determine t(-2).
-90
Let a(m) = -155*m + 165. Give a(2).
-145
Let y(p) = 12*p**3 + 7*p**2 + 22*p + 2. Calculate y(-4).
-742
Let z(l) = l**3 + 68*l**2 + 83*l + 1052. Determine z(-67).
-20
Let v(h) = -3*h**2 - 649*h - 11208. Determine v(-19).
40
Let o(h) = h**3 - 4*h**2 - 13*h - 53. Give o(7).
3
Let q(s) = s**3 + 11*s**2 - 16*s - 204. What is q(-14)?
-568
Let t(n) = -2*n**3 - 8*n**2 - 22*n - 6. Give t(-4).
82
Let u(n) = 21*n + 315. Calculate u(-34).
-399
Let a(w) = -23*w**2 + 20*w + 166. What is a(3)?
19
Let k(v) = -v**3 + 58*v**2 + 179*v + 9. Determine k(-3).
21
Let i(a) = -54*a**2 + 10642*a - 777. What is i(197)?
11
Let f(i) = 310*i - 2090. What is f(7)?
80
Let v(m) = -m**3 - 36*m**2 + 52*m + 1864. Give v(-36).
-8
Let v(p) = 28*p + 125. Calculate v(-5).
-15
Let v(b) = b**3 - b**2 - 22*b - 44. Calculate v(-3).
-14
Let k(f) = -f**3 + 35*f**2 - 232*f - 35. What is k(26)?
17
Let i(o) = -o**3 - 23*o**2 - 58*o + 41. Calculate i(-20).
1
Let s(k) = k**3 + k**2 + 8*k - 19. Determine s(0).
-19
Let o(v) = -55*v**3 + 12704*v**2 + 234*v - 695. Determine o(231).
-2
Let o(s) = -s**3 - 17*s**2 + 13*s - 949. What is o(-20)?
-9
Let n(y) = 112*y - 1439. Calculate n(10).
-319
Let j(t) = 14*t + 785. Calculate j(-55).
15
Let l(n) = n**2 + 18*n + 21. Determine l(-12).
-51
Let q(v) = 94*v**2 + 8*v + 8. Give q(-1).
94
Let w(i) = i**3 - 56*i**2 + 300*i + 41. What is w(50)?
41
Let t(a) = -142*a - 438. Determine t(-3).
-12
Let u(w) = w**3 + 6*w**2 - 18*w - 78. Calculate u(-6).
30
Let b(a) = a**3 - 6*a**2 + 12*a - 126. Calculate b(7).
7
Let f(x) = 2*x**3 + 59*x**2 - 81*x + 26. Give f(-31).
-346
Let l(g) = g**2 - 548*g - 1626. Give l(-3).
27
Let y(t) = -t**3 + 18*t**2 - 82*t + 7. Calculate y(9).
-2
Let i(y) = -y**3 + 7*y + 11. Give i(-2).
5
Let t(f) = -2*f**3 - 155*f**2 - 82*f - 406. Calculate t(-77).
-21
Let p(z) = -10*z - 196. Determine p(32).
-516
Let l(z) = -z**3 + 6*z**2 + 23*z - 2. Determine l(-3).
10
Let a(k) = -3*k + 110. Calculate a(46).
-28
Let l(g) = -97*g**2 + 7*g + 7. Calculate l(-1).
-97
Let x(m) = 33*m**2 + m + 2. Determine x(-1).
34
Let n(i) = i**3 + 11*i**2 - 9*i - 66. Calculate n(-11).
33
Let b(l) = -l**3 + 8*l**2 - 23*l + 46. Determine b(5).
6
Let j(l) = -880*l + 5267. What is j(6)?
-13
Let v(w) = w**3 - 9*w**2 - 16*w + 9. What is v(11)?
75
Let z(v) = -v**2 - 15*v + 146. Determine z(10).
-104
Let r(n) = -3*n**3 + 73*n**2 + 35*n + 368. Give r(25).
-7
Let k(l) = l**2 - 34*l - 217. Calculate k(-12).
335
Let l(z) = 16*z**2 + 31*z - 36. Calculate l(1).
11
Let w(n) = 6*n**3 + 12*n**2 - 343*n - 695. Give w(-2).
-9
Let a(v) = v**3 + 15*v**2 + 18*v + 79. What is a(-13)?
183
Let p(s) = s**2 + 76*s - 321. Calculate p(4).
-1
Let n(x) = 522*x**2 - 6786*x + 9. Determine n(13).
9
Let a(y) = -347*y - 8789. Determine a(-25).
-114
Let d(w) = w**3 + 2*w**2 - 528*w - 9. Give d(-24).
-9
Let s(t) = -540*t - 31312. Calculate s(-58).
8
Let o(s) = -s**2 + 24*s + 18. What is o(10)?
158
Let m(k) = -15*k**3 + 153*k**2 + 34*k - 633. Give m(10).
7
Let n(z) = 34*z + 140. Determine n(0).
140
Let s(o) = -o**2 + 267. Give s(-17).
-22
Let s(t) = -t**2 - 764*t - 4554. What is s(-6)?
-6
Let d(w) = -60*w**2 + 1378*w + 58. What is d(23)?
12
Let u(f) = 23*f**2 - 14*f - 61. Give u(-4).
363
Let w(u) = u**2 - 8*u + 18. Calculate w(6).
6
Let n(v) = v**3 - 15*v**2 - 24*v - 24. Give n(17).
146
Let z(b) = -4